-- phpMyAdmin SQL Dump
-- version 4.5.1
-- http://www.phpmyadmin.net
--
-- Client :  localhost
-- Généré le :  Dim 07 Février 2016 à 21:55
-- Version du serveur :  5.5.46-0ubuntu0.14.04.2
-- Version de PHP :  5.5.9-1ubuntu4.14

SET SQL_MODE = "NO_AUTO_VALUE_ON_ZERO";
SET time_zone = "+00:00";


/*!40101 SET @OLD_CHARACTER_SET_CLIENT=@@CHARACTER_SET_CLIENT */;
/*!40101 SET @OLD_CHARACTER_SET_RESULTS=@@CHARACTER_SET_RESULTS */;
/*!40101 SET @OLD_COLLATION_CONNECTION=@@COLLATION_CONNECTION */;
/*!40101 SET NAMES utf8mb4 */;

--
-- Base de données :  `fermesdupaysbourian`
--

-- --------------------------------------------------------

--
-- Structure de la table `abattoir`
--

CREATE TABLE `abattoir` (
  `id_abat` int(3) NOT NULL,
  `Num_Abattoir` varchar(13) COLLATE utf8_bin NOT NULL,
  `Nom_abattoir` varchar(25) COLLATE utf8_bin NOT NULL,
  `Ville_Abat` varchar(25) COLLATE utf8_bin NOT NULL
) ENGINE=MyISAM DEFAULT CHARSET=utf8 COLLATE=utf8_bin;

--
-- Contenu de la table `abattoir`
--

INSERT INTO `abattoir` (`id_abat`, `Num_Abattoir`, `Nom_abattoir`, `Ville_Abat`) VALUES
(1, 'FR46251001CE', 'St Cere', 'St Cere'),
(2, 'FR15094001CE ', 'Laroquebrou', 'Laroquebrou'),
(3, 'FR8212106CE ', 'Montauban', 'Montauban');

-- --------------------------------------------------------

--
-- Structure de la table `categorieplu`
--

CREATE TABLE `categorieplu` (
  `Num_CatPlu` int(3) NOT NULL,
  `CategoriePlu` varchar(25) COLLATE utf8_bin NOT NULL
) ENGINE=MyISAM DEFAULT CHARSET=utf8 COLLATE=utf8_bin;

--
-- Contenu de la table `categorieplu`
--

INSERT INTO `categorieplu` (`Num_CatPlu`, `CategoriePlu`) VALUES
(1, 'Boeuf'),
(2, 'Veau'),
(3, 'Jeune Bovin'),
(4, 'Agneau'),
(5, 'chevre'),
(6, 'Porc'),
(7, 'facturation');

-- --------------------------------------------------------

--
-- Structure de la table `categorie_dechets`
--

CREATE TABLE `categorie_dechets` (
  `num_cate_dechets` int(11) NOT NULL,
  `categorie_dechets` varchar(2) COLLATE utf8_bin NOT NULL
) ENGINE=MyISAM DEFAULT CHARSET=utf8 COLLATE=utf8_bin;

--
-- Contenu de la table `categorie_dechets`
--

INSERT INTO `categorie_dechets` (`num_cate_dechets`, `categorie_dechets`) VALUES
(1, 'C1'),
(2, 'C2'),
(3, 'C3');

-- --------------------------------------------------------

--
-- Structure de la table `categorie_decoupe`
--

CREATE TABLE `categorie_decoupe` (
  `num_cate_decoupe` int(11) NOT NULL,
  `cate_decoupe` varchar(25) COLLATE utf8_bin NOT NULL,
  `lettre_trace` varchar(2) COLLATE utf8_bin NOT NULL
) ENGINE=MyISAM DEFAULT CHARSET=utf8 COLLATE=utf8_bin;

--
-- Contenu de la table `categorie_decoupe`
--

INSERT INTO `categorie_decoupe` (`num_cate_decoupe`, `cate_decoupe`, `lettre_trace`) VALUES
(1, 'Casse', 'ca'),
(2, 'Decoupe', 'd'),
(3, 'Transformation', 't'),
(4, 'Entre', ''),
(5, 'Congelation', 'co');

-- --------------------------------------------------------

--
-- Structure de la table `categorie_fournisseurs`
--

CREATE TABLE `categorie_fournisseurs` (
  `num_cate_four` int(3) NOT NULL,
  `categorie_four` varchar(25) COLLATE utf8_bin NOT NULL
) ENGINE=MyISAM DEFAULT CHARSET=utf8 COLLATE=utf8_bin;

--
-- Contenu de la table `categorie_fournisseurs`
--

INSERT INTO `categorie_fournisseurs` (`num_cate_four`, `categorie_four`) VALUES
(1, 'Equarissage'),
(2, 'Emballage'),
(3, 'Produits entretien'),
(4, 'Boyaux'),
(5, 'Prestations service'),
(6, 'Epicerie'),
(7, 'Divers'),
(8, 'legumes');

-- --------------------------------------------------------

--
-- Structure de la table `categorie_intrant`
--

CREATE TABLE `categorie_intrant` (
  `num_cate_plu_intran` int(4) NOT NULL,
  `categorie_plu_intran` varchar(25) COLLATE utf8_bin NOT NULL
) ENGINE=MyISAM DEFAULT CHARSET=utf8 COLLATE=utf8_bin;

--
-- Contenu de la table `categorie_intrant`
--

INSERT INTO `categorie_intrant` (`num_cate_plu_intran`, `categorie_plu_intran`) VALUES
(1, 'viande de vache'),
(2, 'viande de veau'),
(3, 'viande de porc'),
(4, 'legumes'),
(5, 'epices'),
(6, 'emballages'),
(7, 'produits entretient'),
(8, 'Epicerie'),
(9, 'Cremerie');

-- --------------------------------------------------------

--
-- Structure de la table `clients`
--

CREATE TABLE `clients` (
  `Num_Client` int(3) NOT NULL DEFAULT '0',
  `Let_Client` varchar(3) COLLATE utf8_bin NOT NULL,
  `Nom_Client` varchar(19) COLLATE utf8_bin DEFAULT NULL,
  `adresse_1` varchar(22) COLLATE utf8_bin DEFAULT NULL,
  `Adresse_2` varchar(30) COLLATE utf8_bin DEFAULT NULL,
  `Adresse_3` varchar(18) COLLATE utf8_bin DEFAULT NULL,
  `Telephone` varchar(24) COLLATE utf8_bin DEFAULT NULL,
  `Portable` varchar(10) COLLATE utf8_bin DEFAULT NULL
) ENGINE=MyISAM DEFAULT CHARSET=utf8 COLLATE=utf8_bin;

--
-- Contenu de la table `clients`
--

INSERT INTO `clients` (`Num_Client`, `Let_Client`, `Nom_Client`, `adresse_1`, `Adresse_2`, `Adresse_3`, `Telephone`, `Portable`) VALUES
(1, 'A', 'BALDY Didier', 'GAEC de la Mouline', '46150 St DENIS CATUS', '', '', ''),
(2, 'B', 'HELIN Sophie', 'EARL La Ferme de C', '46150 LHERM', '', '', ''),
(4, 'F', 'VERGNES M.', 'GAEC de Peyrebrune', '46300 ST PROJET', '', '', ''),
(6, 'E', 'REY P. &amp; LAUR J', 'GAEC DE SAILLAC', '46310 PEYRILLES', '', '0565310528', ''),
(7, 'G', 'GAEC LES VIGNALS', 'Dussol Pascal &amp; Da', '46340 SALVIAC', '', '0565415956', ''),
(8, 'H', 'BELIVENT J.C.', 'GAEC le FOURNEL', '46310 PEYRILLES', '', '0565310495', ''),
(9, 'I', 'AULIE S &amp; ALADE', 'GAEC Combes de CAIX', '46310 PEYRILLES', '', '0565310190', ''),
(10, 'J', 'BOSTEEN P.', '', 'F_32600 ECOCERT', '', '', ''),
(11, 'K', 'GAEC CALMON &amp; F', 'Mas de Simon', '46150 MECHMONT', '', '0565368764', ''),
(12, 'L', 'DULAC A.', 'EARL de moules', '46310 UZECH', '', '', '0684506797'),
(13, 'M', 'PAGES C.', 'GAEC de P', '46310 PEYRILLES', '', '', ''),
(14, 'N', 'ARTUS-GARRIC', 'GAEC de Labaille', '46310 CONCORES', '', '', ''),
(15, 'CO', 'FERME PAYS BOURIAN', 'La Marzelle', '46310 ST GERMAIN', '', '0565353691', ''),
(16, 'P', 'COSTES L.', 'GAEC de Cayret', '46310 PEYRILLES', '', '', ''),
(19, '', 'FERME DU CAMP DE', 'RAS      J B MOULY', '46140 BELAYE', '', '0565531067', ''),
(20, 'AF', 'Gaec la Borie du', 'Moulin ', '46 100 Lalbenque', '', '', '0685093946'),
(21, 'C', 'CAVARROC PATRICE', 'CAMPANOLE', '46 350 PAYRAC', '', '0565376282', ''),
(22, '', 'FRAYSSINET', 'BOULEGAN', '46340 SALVIAC', '', '0565415062', ''),
(23, '', 'DELPECH', 'EARL DE LA CHAMP', '', '', '0553297414', ''),
(24, '', 'MALBEC YVES PIERRE', 'Ferme de Nouelle', '46230 Escamps', 'AGRICULTURE BIO', '', ''),
(26, 'Q', 'GAEC LA BORIE~VAL', 'ROQUEDEVAL', '46300 PAYRIGNAC', '', '0565372381', ''),
(29, '', 'M. JAUVION ERIC', '46300 GOURDON', 'EMB 46 297 A', '', '', ''),
(30, 'S', 'BONNAUD P L', 'SAGNET', 'PERN', '', '', ''),
(31, 'T', 'CALMON DIDIER', 'LES TUILERIES', '46300 ROUFFILHAC', '', '0565411127', '0682597001'),
(32, '', 'PS LAGARRIGUE', 'Les Aliez', '46200 LACAVE', '', '', ''),
(33, 'V', 'BEBENGUT ALAIN', 'FREJAVILLE', '46340 SALVIAC', '', '', '0672057321'),
(34, '', 'ANTHEAUME MARC', 'LES BOUSCARELS', '46150 THEDIRAC', '', '0565212543', ''),
(35, 'AG', 'LA FERME DE PEGOUY', '24590 ARCHIGNAC', 'www.fermedepegouy.fr', '', '', ''),
(36, 'AH', 'ARZAC MANUELLA', 'DURBANS 46320', '', '', '0565405294', ''),
(40, 'AE', 'SERGE DULAC', '', '46310 STCHAMARAND', '', '', ''),
(41, '', 'EARL LA MOUSSAGUEZE', 'DIDIER BALAGAYRIE', '46150 THEDIRAC', '', '', '0671994806'),
(42, 'SA', 'LE MEILLEUR', 'DE NOS FERMES', 'ROUTE DE FIGEAC', '46090 LAMAGDELAINE', '', ''),
(43, '', 'PRADIE SYLVAIN', 'GAEC LES OULES', '4631O UZECH LES OULES', '', '', ''),
(44, 'U', 'EARL Des crouzets', 'BECK J.', 'Le vert 46150 MECHMONT', '', 'justine.damien@orange.fr', ''),
(46, '', 'PS CADOUX', 'CARRIERES', '46500 MIERS', '', '0565331974', ''),
(47, '', 'EARL L''AUROCHS', '46090 FRANCOULES', 'Conversion BIO, Certif ECOCERT', '', '', ''),
(48, '', 'M. MAYNO GERARD', 'LES VEYSSIERES', '24200 VITRAC', '', '0553316938', ''),
(49, '', 'ROXANE & CYRANO', '24220 CASTELS', 'EMB 46 297 A', '', '0565368211', ''),
(50, 'S', 'EARL DE SAGNET', 'AGRICULTURE BIO', 'F_32600 CERTIFIE ECOCERT', '', '', ''),
(51, '', 'PS : GAEC DOMAINE', 'DE MORDESSON', 'M. ALIBERT MICHEL', '46500 RIGNAC', '', ''),
(52, '', 'TERRE GOURMANDE', '764 CTE DES ORMEAUX', '46000 CAHORS', '', '0565202375', ''),
(53, 'AG', 'LA VIANDE DE PEGOUY', '24590  ARCHIGNAC', 'www.laviandedepegouy.fr', '', '', ''),
(54, 'AG', 'LA VIANDE DE PEGOUY', '24590  ARCHIGNAC', 'www.laviandedepegouy.fr', '', '', ''),
(55, 'AG', 'VIANDE DE PEGOUY', '24590  ARCHIGNAC', 'viandedepegouy.fr', '', '', '');

-- --------------------------------------------------------

--
-- Structure de la table `decoupe`
--

CREATE TABLE `decoupe` (
  `num_decoupe` int(11) NOT NULL,
  `date_decoupe` date NOT NULL,
  `semaine_decoupe` tinyint(2) NOT NULL,
  `num_client` int(3) NOT NULL,
  `num_lot_decoupe` varchar(10) CHARACTER SET latin1 NOT NULL,
  `tracabilite_decoupe` varchar(20) NOT NULL,
  `categorie_decoupe` int(2) NOT NULL,
  `categorie_plu` int(2) NOT NULL,
  `poid_decoupe` decimal(6,2) NOT NULL,
  `cloture` tinyint(1) NOT NULL,
  `observations` varchar(50) NOT NULL
) ENGINE=MyISAM DEFAULT CHARSET=utf8;

--
-- Contenu de la table `decoupe`
--

INSERT INTO `decoupe` (`num_decoupe`, `date_decoupe`, `semaine_decoupe`, `num_client`, `num_lot_decoupe`, `tracabilite_decoupe`, `categorie_decoupe`, `categorie_plu`, `poid_decoupe`, `cloture`, `observations`) VALUES
(1, '2015-10-04', 40, 44, 'U40AGNX15', '275D', 2, 4, 154.00, 1, 'x10'),
(2, '2015-12-10', 50, 7, 'G41PORC15', '343D', 2, 6, 47.00, 0, 'total'),
(3, '2015-12-10', 50, 7, 'G41PORC15', '343D', 2, 6, 41.50, 0, 'Tout'),
(6, '2015-12-10', 50, 7, 'G41PORC15', '343D', 2, 6, 15.00, 0, '???'),
(7, '2015-12-10', 50, 7, 'G41PORC15', '343d', 2, 6, 15.00, 0, 'Porcelet'),
(8, '2015-12-10', 50, 44, 'U41AGNX15', '343d', 2, 4, 35.00, 1, ''),
(9, '2015-12-10', 50, 8, 'H41147815', '343CA', 1, 1, 55.00, 0, ''),
(10, '2015-12-10', 50, 8, 'H41147815', '343CA', 1, 1, 55.00, 0, ''),
(11, '2015-12-10', 50, 8, 'H41147815', '343CA', 1, 1, 55.00, 0, ''),
(12, '2015-12-10', 50, 44, 'U41AGNX15', '343D', 2, 4, 35.00, 1, ''),
(13, '2015-11-20', 47, 10, 'J41PORC15', '323CA', 1, 6, 357.00, 1, 'x3'),
(14, '2015-12-15', 51, 8, 'H41147815', '348CA', 1, 1, 55.00, 1, '1/2'),
(15, '2015-12-13', 50, 8, 'H41147815', '346D', 2, 1, 110.00, 1, ''),
(16, '2015-12-18', 51, 8, 'H41147815', '343CA351D', 2, 1, 110.00, 1, ''),
(17, '2015-12-30', 53, 8, 'H41147815', '343CA363D', 2, 1, 220.00, 1, ''),
(25, '2016-02-01', 5, 36, 'AH04132616', '31CA31D', 2, 1, 100.00, 1, ''),
(24, '2016-02-01', 5, 36, 'AH04132616', '31CA31T', 3, 1, 50.00, 1, 'Hache'),
(23, '2016-02-01', 5, 36, 'AH04132616', '31CA31D', 2, 1, 125.00, 1, ''),
(22, '2016-02-01', 5, 36, 'AH04132616', '31CA', 1, 1, 275.00, 1, ''),
(26, '2016-02-03', 5, 36, 'AH04132616', '33D', 2, 1, 200.00, 1, 'decooupe Marche magasins'),
(27, '2016-02-03', 5, 36, 'AH04132616', '33T', 3, 1, 75.00, 1, 'hache');

-- --------------------------------------------------------

--
-- Structure de la table `entreabat`
--

CREATE TABLE `entreabat` (
  `Num_entre` int(6) NOT NULL,
  `Num_Abattoir` int(8) NOT NULL,
  `Date_Entre` date NOT NULL,
  `DataAbat` date NOT NULL,
  `DateDecoupe` date NOT NULL,
  `NumTicket` text COLLATE utf8_bin NOT NULL,
  `SemaineAbat` varchar(2) COLLATE utf8_bin NOT NULL,
  `NumIdentAn` varchar(12) COLLATE utf8_bin NOT NULL,
  `Num_Abatage` int(5) NOT NULL,
  `Poid` decimal(6,2) NOT NULL,
  `Poid_Chaud` decimal(6,2) NOT NULL,
  `Num_categoriePlu` int(3) NOT NULL,
  `Observations` varchar(25) COLLATE utf8_bin NOT NULL,
  `Num_Client` int(3) NOT NULL,
  `Num_Plu` int(3) NOT NULL,
  `Num_Lot` varchar(10) COLLATE utf8_bin NOT NULL,
  `Poid_saisie` decimal(6,2) NOT NULL,
  `Poid_entre` decimal(6,2) NOT NULL,
  `mrs` int(1) NOT NULL,
  `decoupe` tinyint(1) NOT NULL
) ENGINE=MyISAM DEFAULT CHARSET=utf8 COLLATE=utf8_bin;

--
-- Contenu de la table `entreabat`
--

INSERT INTO `entreabat` (`Num_entre`, `Num_Abattoir`, `Date_Entre`, `DataAbat`, `DateDecoupe`, `NumTicket`, `SemaineAbat`, `NumIdentAn`, `Num_Abatage`, `Poid`, `Poid_Chaud`, `Num_categoriePlu`, `Observations`, `Num_Client`, `Num_Plu`, `Num_Lot`, `Poid_saisie`, `Poid_entre`, `mrs`, `decoupe`) VALUES
(37, 1, '2015-10-07', '2015-10-05', '2015-10-12', '1147-857', '41', 'FR4755841030', 1744141, 101.00, 105.00, 3, '', 10, 950, 'J41103015', 0.00, 101.00, 1, 0),
(24, 1, '2015-10-09', '2015-10-09', '2015-10-09', '2525', '41', 'FR4625328547', 1144, 411.00, 419.00, 1, '', 21, 950, 'C41854715', 0.00, 411.00, 1, 0),
(34, 1, '2015-10-10', '2015-10-10', '2015-10-10', '1185-9685', '41', 'AGNX', 114477, 35.00, 36.00, 4, 'x2', 44, 950, 'U41AGNX15', 0.00, 35.00, 0, 0),
(29, 1, '2015-10-08', '2015-10-05', '2015-10-15', '1185-2541', '41', 'FR4685321478', 1144, 440.00, 445.00, 1, '', 8, 950, 'H41147815', 0.00, 440.00, 1, 0),
(28, 1, '2015-10-09', '2015-10-09', '2015-10-09', '1181-25', '41', 'FR4546851111', 11574, 397.00, 401.00, 1, '', 1, 950, 'A41111115', 32.00, 365.00, 1, 0),
(32, 2, '2015-10-09', '2015-10-09', '2015-10-09', '3252-4747', '41', 'PORC', 74747, 97.00, 101.00, 6, '', 7, 950, 'G41PORC15', 0.00, 97.00, 0, 0),
(35, 1, '2015-10-03', '2015-10-02', '2015-10-04', '11504-30', '40', 'AGNX', 41547, 154.00, 159.00, 4, 'x10', 44, 950, 'U40AGNX15', 0.00, 154.00, 0, 0),
(38, 2, '2015-10-09', '2015-10-09', '2015-10-09', '2535', '41', 'PORC', 1418, 357.00, 361.00, 6, 'x2', 10, 950, 'J41PORC15', 0.00, 357.00, 0, 0),
(42, 1, '2016-01-29', '2016-01-28', '2016-02-01', '101-7447', '04', 'FR4625101326', 5441, 550.00, 580.00, 1, 'Limousine', 36, 950, 'AH04132616', 0.00, 550.00, 1, 0),
(41, 1, '2015-11-23', '2015-11-20', '2015-11-24', '11784-11', '47', 'FR4625174751', 74, 460.00, 465.00, 1, 'Ras', 8, 950, 'H48475115', 0.00, 460.00, 1, 0);

-- --------------------------------------------------------

--
-- Structure de la table `fournisseurs`
--

CREATE TABLE `fournisseurs` (
  `Num_fournisseur` int(6) NOT NULL,
  `Ident_four` varchar(10) COLLATE utf8_bin NOT NULL,
  `Nom_Fournisseur` varchar(20) COLLATE utf8_bin DEFAULT NULL,
  `adresse_1` varchar(30) COLLATE utf8_bin DEFAULT NULL,
  `Adresse_2` varchar(30) COLLATE utf8_bin DEFAULT NULL,
  `Adresse_3` varchar(30) COLLATE utf8_bin DEFAULT NULL,
  `Code_Postal` varchar(5) COLLATE utf8_bin DEFAULT NULL,
  `Ville` varchar(25) COLLATE utf8_bin DEFAULT NULL,
  `Telephone` varchar(10) COLLATE utf8_bin DEFAULT NULL,
  `Portable` varchar(10) COLLATE utf8_bin DEFAULT NULL,
  `Note` text COLLATE utf8_bin NOT NULL,
  `num_cate_four` int(3) NOT NULL
) ENGINE=MyISAM DEFAULT CHARSET=utf8 COLLATE=utf8_bin;

--
-- Contenu de la table `fournisseurs`
--

INSERT INTO `fournisseurs` (`Num_fournisseur`, `Ident_four`, `Nom_Fournisseur`, `adresse_1`, `Adresse_2`, `Adresse_3`, `Code_Postal`, `Ville`, `Telephone`, `Portable`, `Note`, `num_cate_four`) VALUES
(1, 'ATEMAX', 'Atemax Sud Ouest', 'Groupe  AKIOLIS', 'Monbusc', '', '47520', 'Le Passage', '0826300600', '', 'Equarissage \r\nPassage le Mercredi 6h', 1),
(2, 'C2A', 'C2A Emballage', 'Parc d Entreprises Brive Ouest', 'r Jean Allary ', '', '19104', 'BRIVE LA GAILLARDE CEDEX', '0579990445', '', '', 1),
(3, 'LAFAGE', 'Lafage entretient', 'Parc activite Cahors Sud', 'Enteste 2', '', '46230', 'FONTANES', '0565353135', '', 'contact@lafage.net', 1),
(7, 'LABOVIDA', 'Labovida', '', '', '', '', '', '', '', '', 6),
(8, 'PEULE', 'Peule sarl', '', '', '', '', '', '', '', '', 8),
(9, 'SOUSSANA', 'soussana', '', '', '', '', '', '', '', '', 6);

-- --------------------------------------------------------

--
-- Structure de la table `intrants`
--

CREATE TABLE `intrants` (
  `Num_entre_intrant` int(6) NOT NULL,
  `Num_Fournisseur` int(8) NOT NULL,
  `Date_Entre` date NOT NULL,
  `Date_DLC` date NOT NULL,
  `Num_Bl` text COLLATE utf8_bin NOT NULL,
  `Poids` decimal(6,2) NOT NULL,
  `num_unite` int(3) NOT NULL,
  `Num_Cate_Intrants` int(3) NOT NULL,
  `Observations` varchar(25) COLLATE utf8_bin NOT NULL,
  `Num_Plu` int(3) NOT NULL,
  `Num_Lot` varchar(10) COLLATE utf8_bin NOT NULL,
  `semaine_intrant` varchar(2) COLLATE utf8_bin NOT NULL,
  `etat` int(1) NOT NULL
) ENGINE=MyISAM DEFAULT CHARSET=utf8 COLLATE=utf8_bin;

--
-- Contenu de la table `intrants`
--

INSERT INTO `intrants` (`Num_entre_intrant`, `Num_Fournisseur`, `Date_Entre`, `Date_DLC`, `Num_Bl`, `Poids`, `num_unite`, `Num_Cate_Intrants`, `Observations`, `Num_Plu`, `Num_Lot`, `semaine_intrant`, `etat`) VALUES
(1, 9, '2016-02-01', '2016-02-04', '6566', 4.00, 1, 4, 'carottes', 3, '16/001', '05', 0),
(2, 9, '2016-02-01', '2016-02-04', '6566', 4.00, 1, 4, 'Poireaux', 4, '16/002', '05', 0),
(3, 9, '2016-02-01', '2016-02-04', '6566', 4.00, 1, 4, 'Oignons', 9, '16/003', '05', 0);

-- --------------------------------------------------------

--
-- Structure de la table `lot`
--

CREATE TABLE `lot` (
  `num_ligne_lot` int(10) NOT NULL,
  `date_lot_decoupe` date NOT NULL,
  `num_lot_decoupe` varchar(10) COLLATE utf8_bin NOT NULL,
  `num_lot_tace_decoupe` varchar(15) COLLATE utf8_bin NOT NULL,
  `num_cate_decoupe` varchar(1) COLLATE utf8_bin NOT NULL,
  `poid_decoupe` double(6,2) NOT NULL,
  `etat_decoupe` int(1) NOT NULL,
  `solde_decoupe` tinyint(1) NOT NULL,
  `num_ligne_detail` int(6) NOT NULL
) ENGINE=MyISAM DEFAULT CHARSET=utf8 COLLATE=utf8_bin;

--
-- Contenu de la table `lot`
--

INSERT INTO `lot` (`num_ligne_lot`, `date_lot_decoupe`, `num_lot_decoupe`, `num_lot_tace_decoupe`, `num_cate_decoupe`, `poid_decoupe`, `etat_decoupe`, `solde_decoupe`, `num_ligne_detail`) VALUES
(6, '0000-00-00', 'J41103015', '', '0', 0.00, 0, 0, 0),
(1, '0000-00-00', 'C41854715', '', '0', 0.00, 0, 0, 0),
(4, '0000-00-00', 'U41AGNX15', '', '0', 0.00, 0, 0, 0),
(3, '0000-00-00', 'H41147815', '', '0', 0.00, 0, 0, 0),
(2, '0000-00-00', 'A41111115', '', '0', 0.00, 0, 0, 0),
(9, '0000-00-00', 'G41PORC15', '', '0', 0.00, 0, 0, 0),
(5, '2015-10-03', 'U40AGNX15', '', '0', 154.00, 0, 0, 0),
(7, '0000-00-00', 'J41PORC15', '', '0', 0.00, 0, 0, 0),
(8, '0000-00-00', 'H48475115', '', '0', 0.00, 0, 0, 0),
(10, '2015-10-04', 'U40AGNX15', '275D', '2', 154.00, 0, 1, 1),
(14, '2015-12-10', 'H41147815', '343CA', '1', 55.00, 0, 0, 9),
(13, '2015-10-04', 'U40AGNX15', '275D', '0', 154.00, 1, 1, 35),
(15, '2016-02-01', 'H41147815', '29CA31D', '0', 125.00, 1, 1, 29),
(16, '2015-12-10', 'H41147815', '343CA', '1', 55.00, 0, 0, 10),
(17, '2016-02-01', 'H41147815', '29CA31D', '0', 125.00, 1, 1, 29),
(18, '2015-12-10', 'H41147815', '343CA', '1', 55.00, 0, 0, 11),
(19, '2016-02-01', 'H41147815', '29CA31D', '0', 125.00, 1, 1, 29),
(20, '2015-12-10', 'U41AGNX15', '343D', '2', 35.00, 1, 1, 12),
(21, '2015-12-10', 'U41AGNX15', '343D', '2', 35.00, 0, 0, 34),
(22, '2015-11-20', 'J41PORC15', '323CA', '1', 357.00, 1, 1, 13),
(23, '2015-11-20', 'J41PORC15', '323CA', '1', 357.00, 0, 0, 38),
(24, '2015-12-15', 'H41147815', '348CA', '1', 55.00, 0, 1, 14),
(25, '2015-12-15', 'H41147815', '348CA', '1', 110.00, 0, 0, 42),
(26, '2015-12-13', 'H41147815', '346D', '2', 110.00, 0, 1, 15),
(27, '2015-12-13', 'H41147815', '346D', '2', 110.00, 0, 0, 42),
(28, '2015-12-18', 'H41147815', '343CA351D', '2', 110.00, 0, 1, 16),
(29, '2015-12-18', 'H41147815', '343CA351D', '2', 110.00, 0, 0, 42),
(30, '2015-12-30', 'H41147815', '343CA363D', '2', 220.00, 1, 1, 17),
(31, '2015-12-30', 'H41147815', '343CA363D', '2', 220.00, 0, 0, 42),
(47, '2016-02-01', 'AH04132616', '31CA31D', '2', 100.00, 1, 1, 22),
(46, '2016-02-01', 'AH04132616', '31CA31T', '3', 50.00, 0, 0, 49),
(45, '2016-02-01', 'AH04132616', '31CA31T', '3', 50.00, 1, 1, 22),
(43, '2016-02-01', 'AH04132616', '31CA31D', '2', 125.00, 1, 1, 22),
(42, '2016-02-01', 'AH04132616', '31CA', '1', 275.00, 0, 0, 45),
(38, '2016-02-01', 'H41147815', '29CA31D', '2', 125.00, 0, 1, 21),
(41, '2016-02-01', 'AH04132616', '31CA', '1', 275.00, 1, 1, 22),
(40, '2016-01-29', 'AH04132616', '', '4', 580.00, 0, 0, 42),
(44, '2016-02-01', 'AH04132616', '31CA31D', '2', 125.00, 0, 0, 49),
(48, '2016-02-01', 'AH04132616', '31CA31D', '2', 100.00, 0, 0, 49),
(49, '2016-02-03', 'AH04132616', '33D', '2', 200.00, 1, 1, 26),
(50, '2016-02-03', 'AH04132616', '33D', '2', 200.00, 0, 0, 45),
(51, '2016-02-03', 'AH04132616', '33T', '3', 75.00, 1, 1, 27),
(52, '2016-02-03', 'AH04132616', '33T', '3', 75.00, 0, 0, 45);

-- --------------------------------------------------------

--
-- Structure de la table `lot_dispo`
--

CREATE TABLE `lot_dispo` (
  `num_ligne_lot_dispo` int(6) NOT NULL,
  `num_lot_dispo` varchar(15) COLLATE utf8_bin NOT NULL,
  `num_lot_dispo_trac` varchar(15) COLLATE utf8_bin NOT NULL,
  `solde` tinyint(1) NOT NULL
) ENGINE=MyISAM DEFAULT CHARSET=utf8 COLLATE=utf8_bin;

--
-- Contenu de la table `lot_dispo`
--

INSERT INTO `lot_dispo` (`num_ligne_lot_dispo`, `num_lot_dispo`, `num_lot_dispo_trac`, `solde`) VALUES
(37, 'J41103015', '', 0),
(24, 'C41854715', '', 1),
(34, 'U41AGNX15', '', 1),
(29, 'H41147815', '', 1),
(28, 'A41111115', '', 1),
(32, 'G41PORC15', '31CA31D', 1),
(35, 'U40AGNX15', '', 1),
(38, 'J41PORC15', '', 1),
(41, 'H48475115', '', 0),
(42, 'H41147815', '343CA', 1),
(43, 'J41PORC15', '323CA', 1),
(44, 'H41147815', '348CA', 1),
(45, 'AH04132616', '', 1),
(51, 'AH04132616', '33T', 1),
(50, 'AH04132616', '31CA31T', 1),
(49, 'AH04132616', '31CA', 1);

-- --------------------------------------------------------

--
-- Structure de la table `plu`
--

CREATE TABLE `plu` (
  `Num_PLU` int(3) NOT NULL,
  `PLU` varchar(33) COLLATE utf8_bin DEFAULT NULL,
  `Num_CatPlu` int(1) DEFAULT NULL,
  `Num_TypePlu` int(1) DEFAULT NULL,
  `Prix_trs` decimal(3,2) DEFAULT NULL
) ENGINE=MyISAM DEFAULT CHARSET=utf8 COLLATE=utf8_bin;

--
-- Contenu de la table `plu`
--

INSERT INTO `plu` (`Num_PLU`, `PLU`, `Num_CatPlu`, `Num_TypePlu`, `Prix_trs`) VALUES
(1, 'RUMSTECK', 1, 1, 0.00),
(2, 'BAVETTE', 1, 1, 0.00),
(3, 'BASSE COTE', 1, 1, 0.00),
(4, 'COTE A L''OS', 1, 1, 0.00),
(5, 'PALERON', 1, 1, 0.00),
(6, 'FAUX FILET', 1, 1, 0.00),
(7, 'STECK EPAULE', 1, 1, 0.00),
(8, 'ROND DE GITE', 1, 1, 0.00),
(9, 'TENDE DE TRANCHE', 1, 1, 0.00),
(10, 'GITE A LA NOIX', 1, 1, 0.00),
(11, 'ONGLET', 1, 1, 0.00),
(12, 'PLAT DE COTE', 1, 1, 0.00),
(13, 'JARRET', 1, 1, 0.00),
(14, 'ROTI FILET', 1, 1, 0.00),
(15, 'ROTI', 1, 1, 0.00),
(16, 'ENTRECOTE', 1, 1, 0.00),
(17, 'STEACK', 1, 1, 0.00),
(362, 'Assortiment charcuterie seche', 6, 2, 1.00),
(19, 'BOURGUIGNON', 1, 1, 0.00),
(20, 'BROCHETTES DE B?UF', 1, 1, 0.00),
(21, 'VIANDE  POUR FONDU', 1, 1, 0.00),
(525, 'BACON', 6, 2, 0.00),
(23, 'GRILLADES', 1, 1, 0.00),
(24, 'COLLIER', 1, 1, 0.00),
(25, 'FILET', 1, 1, 0.00),
(26, 'QUEUE', 1, 1, 0.00),
(27, 'POIRE', 1, 1, 0.00),
(28, 'ARAIGNEE', 1, 1, 0.00),
(29, 'HAMPE', 1, 1, 0.00),
(30, 'JUMEAU', 1, 1, 0.00),
(31, 'MACREUSE', 1, 1, 0.00),
(32, 'PIECE NOIRE', 1, 1, 0.00),
(33, 'FOIE DE B?UF', 1, 1, 0.00),
(34, 'COEUR', 1, 1, 0.00),
(35, 'LANGUE', 1, 1, 0.00),
(36, 'ROGNONS', 1, 1, 0.00),
(37, 'JOUE', 1, 1, 0.00),
(38, 'STEACK LEVURE', 1, 1, 0.00),
(315, 'BOUDIN', 6, 2, 1.00),
(40, 'MERLIN', 1, 1, 0.00),
(376, 'BOUDIN NOIR', 6, 2, 1.00),
(42, 'TOURNEDOS', 1, 1, 0.00),
(429, 'BOURGUIGNON', 1, 2, 0.00),
(45, 'PAVE', 1, 1, 0.00),
(46, 'MARINADE', 1, 1, 0.00),
(50, 'STEACK 1ere CATAGORIE', 1, 1, 0.00),
(175, 'BROCHETTE DE JEUNE BOVIN', 3, 2, 0.00),
(328, 'BROCHETTE DE PORC', 6, 2, 0.00),
(53, 'PAVE RUMSTECK', 1, 1, 0.00),
(54, 'PAVE TENDE DE TRANCHE', 1, 1, 0.00),
(56, 'GRILLADE   CHURASCO', 1, 1, 0.00),
(125, 'BROCHETTE DE VEAU', 2, 2, 0.00),
(60, 'CARPACCIO', 1, 2, 0.00),
(349, 'CHAIR A PATE DE PORC PUR', 6, 2, 1.00),
(101, 'COTE DE VEAU', 2, 1, 0.00),
(102, 'COTE DECOUVERTE DE VEAU', 2, 1, 0.00),
(103, 'SOUS NOIX DE VEAU', 2, 1, 0.00),
(104, 'QUASI DE VEAU', 2, 1, 0.00),
(105, 'NOIX DE VEAU', 2, 1, 0.00),
(106, 'TENDRON DE VEAU', 2, 1, 0.00),
(107, 'CAPELINE DE VEAU', 2, 1, 0.00),
(108, 'JARRET DE VEAU', 2, 1, 0.00),
(109, 'ROTI EPAULE DE VEAU', 2, 1, 0.00),
(110, 'ROTI FILET DE VEAU', 2, 1, 0.00),
(111, 'NOIX PATISSIERE DE VEAU', 2, 1, 0.00),
(112, 'BLANQUETTE DE VEAU', 2, 1, 0.00),
(114, 'ROTI DE VEAU', 2, 1, 0.00),
(115, 'COTE A L''OS DE VEAU', 2, 1, 0.00),
(116, 'COLLIER DE VEAU', 2, 1, 0.00),
(117, 'COTE FILET DE VEAU', 2, 1, 0.00),
(118, 'ONGLET DE VEAU', 2, 1, 0.00),
(119, 'FOIE DE VEAU', 2, 1, 0.00),
(120, 'COEUR DE VEAU', 2, 1, 0.00),
(121, 'ESCALOPE DE VEAU', 2, 1, 0.00),
(122, 'ROGNON DE VEAU', 2, 1, 0.00),
(123, 'CERVELLE DE VEAU', 2, 1, 0.00),
(124, 'RIS DE VEAU', 2, 1, 0.00),
(545, 'CHAIR A SAUCISSE', 6, 2, 1.00),
(126, 'LANGUE DE VEAU', 2, 1, 0.00),
(127, 'PIED DE VEAU', 2, 1, 0.00),
(128, 'OSSO BUCCO (veau)', 2, 1, 0.00),
(139, 'CHIPO DE VEAUPORC', 2, 2, 1.00),
(359, 'CHIPOLATAS AUX HERBES', 6, 2, 1.00),
(131, 'GRENADIN DE VEAU', 2, 1, 0.00),
(132, 'QUEUE DE VEAU', 2, 1, 0.00),
(135, 'SAUTE DE VEAU', 2, 1, 0.00),
(360, 'CHIPOLATAS BASQUE', 6, 2, 1.00),
(384, 'CHIPOLATAS BIO', 6, 2, 1.00),
(356, 'CHIPOLATAS CEVIN', 6, 2, 1.00),
(225, 'CHIPOLATAS DE MOUTON', 4, 2, 1.00),
(140, 'PAVE DE VEAU', 2, 1, 0.00),
(307, 'CHIPOLATAS DE PORC', 6, 2, 1.00),
(138, 'CHIPOLATAS DE VEAU', 2, 2, 1.00),
(355, 'CHIPOLATAS HERBES CEVIN', 6, 2, 1.00),
(151, 'COTE DE JEUNE BOVIN', 3, 1, 0.00),
(152, 'COTE DECOUVERTE DE JEUNE BOVIN', 3, 1, 0.00),
(153, 'SOUS NOIX DE JEUNE BOVIN', 3, 1, 0.00),
(154, 'QUASI DE JEUNE BOVIN', 3, 1, 0.00),
(155, 'NOIX DE JEUNE BOVIN', 3, 1, 0.00),
(156, 'TENDRON DE JEUNE BOVIN', 3, 1, 0.00),
(157, 'CAPELINE DE JEUNE BOVIN', 3, 1, 0.00),
(158, 'JARRET DE JEUNE BOVIN', 3, 1, 0.00),
(159, 'ROTI EPAULE DE JEUNE BOVIN', 3, 1, 0.00),
(160, 'ROTI FILET DE JEUNE BOVIN', 3, 1, 0.00),
(161, 'NOIX PATISSIERE DE JEUNE BOVIN', 3, 1, 0.00),
(162, 'BLANQUETTE DE JEUNE BOVIN', 3, 1, 0.00),
(164, 'ROTI DE JEUNE BOVIN', 3, 1, 0.00),
(165, 'COTE A L''OS DE JEUNE BOVIN', 3, 1, 0.00),
(166, 'COLLIER DE JEUNE BOVIN', 3, 1, 0.00),
(167, 'COTE FILET DE JEUNE BOVIN', 3, 1, 0.00),
(168, 'ONGLET DE JEUNE BOVIN', 3, 1, 0.00),
(169, 'FOIE DE JEUNE BOVIN', 3, 1, 0.00),
(170, 'COEUR DE JEUNE BOVIN', 3, 1, 0.00),
(171, 'ESCALOPE DE JEUNE BOVIN', 3, 1, 0.00),
(172, 'ROGNON DE JEUNE BOVIN', 3, 1, 0.00),
(173, 'CERVELLE DE JEUNE BOVIN', 3, 1, 0.00),
(174, 'RIS DE JEUNE BOVIN', 3, 1, 0.00),
(41, 'CHORIZO', 1, 2, 1.00),
(176, 'LANGUE DE JEUNE BOVIN', 3, 1, 0.00),
(178, 'PIED DE JEUNE BOVIN', 3, 1, 0.00),
(179, 'OSSO BUCCO (JEUNE BOVIN)', 3, 1, 0.00),
(180, 'POITRINE DE JEUNE BOVIN', 3, 1, 0.00),
(358, 'CHORIZO A CUIRE', 6, 2, 1.00),
(510, 'COPPA', 6, 2, 0.00),
(183, 'GRENADIN DE JEUNE BOVIN', 3, 1, 0.00),
(184, 'QUEUE DE JEUNE BOVIN', 3, 1, 0.00),
(185, 'SAUTE DE JEUNE BOVIN', 3, 1, 0.00),
(504, 'CUMBERLAND', 7, 2, 1.00),
(562, 'FILET PORC SECHE', 6, 2, 0.00),
(405, 'FOIE PORC', 6, 1, 0.00),
(320, 'FRITONS DE PORC', 6, 2, 0.00),
(201, 'GIGOT D''AGNEAU', 4, 1, 0.00),
(202, 'EPAULE D''AGNEAU', 4, 1, 0.00),
(203, 'COLLIER D''AGNEAU', 4, 1, 0.00),
(204, 'RAGOUT D''AGNEAU', 4, 1, 0.00),
(205, 'COTELLETTES D''AGNEAU', 4, 1, 0.00),
(206, 'SCELLE D''AGNEAU', 4, 1, 0.00),
(207, 'CARRE DECOUVERT D''AGNEAU', 4, 1, 0.00),
(208, 'FOIE D''AGNEAU', 4, 1, 0.00),
(209, 'COEUR D''AGNEAU', 4, 1, 0.00),
(210, 'ROGNON D''AGNEAU', 4, 1, 0.00),
(211, 'COTELETTE FILET D''AGNEAU', 4, 1, 0.00),
(212, 'GIGOT DE CHEVREAU', 5, 1, 0.00),
(213, 'EPAULE DE CHEVREAU', 5, 1, 0.00),
(214, 'CARRE COLLIER DE CHEVREAU', 5, 1, 0.00),
(216, 'GIGOT DE CHEVRE', 5, 1, 0.00),
(217, 'EPAULE DE CHEVRE', 5, 1, 0.00),
(218, 'CARRE DE CHEVRE', 5, 1, 0.00),
(219, 'COEUR&FOIE DE CHEVRE', 5, 1, 0.00),
(220, 'GRILLADE AGNEAU', 4, 1, 0.00),
(221, 'CARRE AVEC L''OS D''AGNEAU', 4, 1, 0.00),
(223, 'Epaule Facon Gigot', 4, 1, 0.00),
(224, 'POITRINE D''AGNEAU', 4, 1, 0.00),
(416, 'GRILLADES DE PORC', 6, 2, 0.00),
(187, 'HACHEE DE JEUNE BOVIN', 3, 2, 1.00),
(227, 'BROCHETTES ABATS', 4, 1, 0.00),
(228, 'EPAULE D''AGNEAU ROULEE', 4, 1, 0.00),
(229, 'GIGOT D''AGNEAU TRANCHE', 4, 1, 0.00),
(230, 'COTELETTE DECOUVERTE AGNEAU', 4, 1, 0.00),
(231, 'COTELETTE 1re AGNEAU', 4, 1, 0.00),
(232, 'EPAULE D''AGNEAU TRANCHEE', 4, 1, 0.00),
(233, 'CARRE D''AGNEAU', 4, 1, 0.00),
(301, 'FILET MIGNON DE PORC', 6, 1, 0.00),
(302, 'ROTI FILET DE PORC', 6, 1, 0.00),
(303, 'ROTI ECHINE DE PORC', 6, 1, 0.00),
(304, 'COTELLETTE ECHINE PORC', 6, 1, 0.00),
(305, 'COTELETTE FILET DE PORC', 6, 1, 0.00),
(137, 'HACHEE DE VEAU', 2, 2, 1.00),
(560, 'JAMBON CUIT', 6, 2, 0.00),
(377, 'JAMBON CUIT SUPERIEUR', 6, 2, 0.00),
(311, 'PORCELET', 6, 1, 0.00),
(313, 'JAMBON FRAIS', 6, 1, 0.00),
(314, 'PETIT SALE DE PORC', 6, 1, 0.00),
(519, 'JAMBON SEC', 6, 2, 1.00),
(316, 'VENTRECHE PORC TRANCHEE', 6, 1, 0.00),
(520, 'JAMBON SEC TRANCHE', 6, 2, 1.00),
(505, 'LINCOLN', 7, 2, 1.00),
(412, 'LONGE ECHINE', 6, 2, 0.00),
(413, 'LONGE FILET', 6, 2, 0.00),
(321, 'PIEDS DE PORC', 6, 1, 0.00),
(322, 'JARRET DE PORC', 6, 1, 0.00),
(323, 'FOIE DE PORC', 6, 1, 0.00),
(324, 'COEUR DE PORC', 6, 1, 0.00),
(325, 'ROGNON DE PORC', 6, 1, 0.00),
(326, 'LANGUE DE PORC', 6, 1, 0.00),
(327, 'SAUTE DE PORC', 6, 1, 0.00),
(22, 'MERGUEZ', 1, 2, 1.00),
(329, 'CARBONADE DE PORC', 6, 1, 0.00),
(330, 'PLAT DE COTE', 6, 1, 0.00),
(331, 'COUENNE ROULEE DE PORC', 6, 1, 0.00),
(332, 'EPAULE DE PORC', 6, 1, 0.00),
(333, 'R', 6, 1, 0.00),
(335, 'COUSTILLE DE PORC', 6, 1, 0.00),
(336, 'LA GRILLADE DE PORC', 6, 1, 0.00),
(337, 'ROUELLE PORC', 6, 1, 0.00),
(338, 'GORGE DE PORC', 6, 1, 0.00),
(339, 'TOILE DE PORC', 6, 1, 0.00),
(340, 'T?TE DE PORC', 6, 1, 0.00),
(341, 'BROCHETTE D''ABAT DE PORC', 6, 1, 0.00),
(343, 'LONGE DE PORC', 6, 1, 0.00),
(226, 'MERGUEZ DE BREBIS', 4, 2, 1.00),
(345, 'ROTI FILET A L''OS DE PORC', 6, 1, 0.00),
(346, 'ROTI ECHINE A L''OS DE PORC', 6, 1, 0.00),
(57, 'MINI  SAUCISSE  APERO', 1, 2, 1.00),
(348, 'COUSTELLOUS DE PORC', 6, 1, 0.00),
(387, 'NAVARIN D''AGNEAU', 4, 2, 0.00),
(350, 'P?TE CREPINETTE DE PORC', 6, 1, 0.00),
(351, 'GRAS DE PORC', 6, 1, 0.00),
(352, 'CARRE VENTRECHE COUENNE DE PORC', 6, 1, 0.00),
(353, 'CARRE VENTRECHE DECOUENNE DE PORC', 6, 1, 0.00),
(354, 'APERO PORC', 6, 1, 0.00),
(371, 'PATE DE CAMPAGNE', 6, 2, 0.00),
(318, 'PATE DE CAMPAGNE AU FOUR', 6, 2, 0.00),
(370, 'PATE DE TETE', 6, 2, 0.00),
(319, 'PATE DE TETE DE PORC', 6, 2, 0.00),
(388, 'PAUPIETTE DU FOURNEL', 3, 2, 0.00),
(361, 'PAUPIETTE DE PORC', 6, 1, 0.00),
(181, 'PAUPILLETTE DE JEUNE BOVIN', 3, 2, 0.00),
(363, 'CARBONADE DE PORC', 6, 1, 0.00),
(129, 'PAUPILLETTE DE VEAU', 2, 2, 0.00),
(367, 'OREILLES DE PORC', 6, 1, 0.00),
(368, 'QUEUE DE PORC', 6, 1, 0.00),
(369, 'LARD DE PORC', 6, 1, 0.00),
(142, 'Poitrine de Veau de 7hrs', 2, 2, 0.00),
(403, 'POITRINE PORC', 6, 2, 0.00),
(373, 'CHORIZO SEC DE PORC', 6, 1, 0.00),
(374, 'TRAVERS DE PORC', 6, 1, 0.00),
(375, 'LARDON NATURE PORC', 6, 1, 0.00),
(317, 'POITRINE PORC TRANCHEE', 6, 2, 0.00),
(385, 'POITRINE SEC ROULE', 6, 2, 0.00),
(378, 'TALON JAMBON SEC', 6, 1, 0.00),
(380, 'ESCALOPE DE PORC', 6, 1, 0.00),
(188, 'POT AU FEU JEUNE BOVIN', 3, 2, 0.00),
(141, 'POT AU FEU VEAU', 2, 2, 0.00),
(44, 'POT AUX FEU', 1, 2, 0.00),
(347, 'POTRINE-VENTRECHE DE PORC', 6, 2, 0.00),
(419, 'PREP HACHEE DE BOEUF', 1, 2, 1.00),
(18, 'PREPARATION HACHEE', 1, 2, 1.00),
(407, 'ROGNON PORC', 6, 2, 0.00),
(404, 'JARRET PORC', 6, 1, 0.00),
(52, 'ROND DE BOEUF SECHE', 1, 2, 0.00),
(512, 'ROTI DE PORC CUIT', 6, 2, 0.00),
(409, 'TETE PORC', 6, 1, 0.00),
(511, 'ROULE GISELE', 7, 2, 0.00),
(39, 'SAUCISSE', 1, 2, 1.00),
(414, 'COUENNE DE PORC', 6, 1, 0.00),
(357, 'SAUCISSE A CUIRE CEVIN', 6, 2, 1.00),
(417, 'MAIGRE DE PORC', 6, 1, 0.00),
(344, 'SAUCISSE DE COUENNES DE PORC', 6, 2, 1.00),
(186, 'SAUCISSE DE JEUNE BOVIN', 3, 2, 1.00),
(182, 'SAUCISSE DE JEUNE BOVIN SAUGE', 3, 2, 1.00),
(306, 'SAUCISSE DE PORC', 6, 2, 1.00),
(80, 'SAUCISSE DE VACHE', 1, 2, 1.00),
(136, 'SAUCISSE DE VEAU', 2, 2, 1.00),
(130, 'SAUCISSE DE VEAU SAUGE', 2, 2, 1.00),
(381, 'SAUCISSE SECHE BOEUF', 1, 2, 1.00),
(508, 'SAUCISSE SECHE DE BREBIS', 4, 2, 1.00),
(309, 'SAUCISSE SECHE DE PORC', 6, 2, 1.00),
(143, 'SAUCISSE VEAU TRUFFEE', 2, 2, 1.00),
(501, 'Saucisson Sec B?uf', 1, 2, 1.00),
(507, 'Saucisson Sec Jeune Bovin', 2, 2, 1.00),
(500, 'Saucisson Sec Porc', 6, 2, 1.00),
(502, 'Saucisson Sec Veau', 2, 2, 1.00),
(189, 'SAUTE DE JEUNE BOVIN', 3, 2, 0.00),
(526, 'JARRET JAMBON SEC', 6, 1, 0.00),
(442, 'SAUTE DE VEAU', 3, 2, 0.00),
(51, 'TISON DE PEGOUY', 1, 2, 0.00),
(390, 'TRIPES DU FOURNEL', 1, 2, 0.00),
(561, 'FILET MIGNON SECHE', 6, 1, 0.00),
(527, 'VENTRECHE PORC SECHEE', 6, 2, 0.00),
(563, 'Entre carcasse', 1, 3, 2.06),
(564, 'Entre carcasse', 2, 3, 2.06),
(565, 'Entre carcasse', 3, 3, 2.06),
(566, 'Entre carcasse', 4, 3, 2.06),
(567, 'Entre carcasse', 5, 3, 2.06);

-- --------------------------------------------------------

--
-- Structure de la table `plu_intrant`
--

CREATE TABLE `plu_intrant` (
  `num_plu_intrant` int(4) NOT NULL,
  `nom_plu_intrant` varchar(33) COLLATE utf8_bin DEFAULT NULL,
  `num_cate_intrant` int(4) DEFAULT NULL,
  `num_unite` int(1) DEFAULT NULL,
  `dlc_plu_intrant` int(3) NOT NULL
) ENGINE=MyISAM DEFAULT CHARSET=utf8 COLLATE=utf8_bin;

--
-- Contenu de la table `plu_intrant`
--

INSERT INTO `plu_intrant` (`num_plu_intrant`, `nom_plu_intrant`, `num_cate_intrant`, `num_unite`, `dlc_plu_intrant`) VALUES
(1, 'Sel fin', 5, 2, 360),
(2, 'Poivre noir Grain', 5, 2, 360),
(3, 'Carottes', 4, 1, 3),
(4, 'Poireaux', 4, 1, 3),
(5, 'Gras de proc', 3, 1, 15),
(6, 'Poitrine de veau', 2, 1, 15),
(9, 'Oignons', 4, 1, 3),
(10, 'D.Concentre de tomate', 8, 1, 180),
(11, 'Vin Blanc', 8, 3, 360),
(12, 'Vin Rouge', 8, 3, 360),
(13, 'Tomate concassees ', 8, 1, 180),
(14, 'Poivre Blanc grain', 5, 2, 360),
(15, 'Poivre Blanc Poudre', 5, 2, 360),
(16, 'Poivre noir poudre', 5, 2, 360),
(17, 'Gros Sel de Guerande', 5, 2, 360),
(18, 'Gros Sel', 5, 2, 360),
(19, 'Laurier Poudre', 5, 2, 360),
(20, 'Laurie feuille', 5, 2, 360),
(21, 'Thym', 5, 2, 360),
(22, 'Thym poudre', 5, 2, 360);

-- --------------------------------------------------------

--
-- Structure de la table `production`
--

CREATE TABLE `production` (
  `Num_ligne` int(6) NOT NULL,
  `Num_Client` int(3) NOT NULL,
  `Num_plu` int(3) NOT NULL,
  `Date_ligne` date NOT NULL,
  `Qte_produite` decimal(4,2) NOT NULL
) ENGINE=MyISAM DEFAULT CHARSET=utf8 COLLATE=utf8_bin;

-- --------------------------------------------------------

--
-- Structure de la table `saisies_abat`
--

CREATE TABLE `saisies_abat` (
  `num_ligne` int(6) NOT NULL,
  `num_certificat` varchar(11) CHARACTER SET utf8 COLLATE utf8_bin NOT NULL,
  `date_saisie` date NOT NULL,
  `num_abat` int(5) NOT NULL,
  `poid_saisie` decimal(6,2) NOT NULL
) ENGINE=InnoDB DEFAULT CHARSET=latin1;

--
-- Contenu de la table `saisies_abat`
--

INSERT INTO `saisies_abat` (`num_ligne`, `num_certificat`, `date_saisie`, `num_abat`, `poid_saisie`) VALUES
(0, '574454', '2015-10-07', 11784, 25.00);

-- --------------------------------------------------------

--
-- Structure de la table `table_dechets`
--

CREATE TABLE `table_dechets` (
  `num_ligne_dechets` int(1) NOT NULL,
  `Num_bon_dechets` varchar(12) COLLATE utf8_bin NOT NULL,
  `Num_prestataire` int(1) NOT NULL,
  `num_cate_dechets` int(1) NOT NULL,
  `mrs` int(1) NOT NULL,
  `poids_dechets` decimal(6,2) NOT NULL,
  `sem_dechets` varchar(2) COLLATE utf8_bin NOT NULL,
  `date_enleve_dechets` date NOT NULL,
  `observations` text COLLATE utf8_bin NOT NULL
) ENGINE=MyISAM DEFAULT CHARSET=utf8 COLLATE=utf8_bin;

--
-- Contenu de la table `table_dechets`
--

INSERT INTO `table_dechets` (`num_ligne_dechets`, `Num_bon_dechets`, `Num_prestataire`, `num_cate_dechets`, `mrs`, `poids_dechets`, `sem_dechets`, `date_enleve_dechets`, `observations`) VALUES
(1, '954750', 1, 3, 0, 550.00, '40', '2015-09-30', ''),
(2, '954774', 1, 1, 1, 45.00, '41', '2015-10-07', ''),
(3, '15-954774', 1, 1, 1, 50.00, '40', '2015-09-29', ''),
(8, '7474-20', 1, 1, 1, 40.00, '41', '2015-10-05', 'none'),
(5, '8574-14', 1, 3, 0, 150.00, '40', '2015-10-01', 'none'),
(6, '0985-11', 1, 3, 0, 850.00, '40', '2015-09-30', ''),
(9, '7474-15', 1, 3, 0, 740.00, '40', '2015-10-03', 'none 1'),
(12, '9945', 1, 1, 1, 99.00, '47', '2015-11-19', '');

-- --------------------------------------------------------

--
-- Structure de la table `table_mrs`
--

CREATE TABLE `table_mrs` (
  `Num_ligne_mrs` int(6) NOT NULL,
  `Num_ident_animal` varchar(12) COLLATE utf8_bin NOT NULL,
  `Num_Clients` int(3) NOT NULL,
  `Date_Entre` date NOT NULL,
  `Date_Decoupe` date NOT NULL,
  `Poids_carcasse` decimal(10,0) NOT NULL,
  `Num_Bon_Mrs` int(11) NOT NULL,
  `Date_Bon_Mrs` date NOT NULL,
  `Poids_Mrs` decimal(10,0) NOT NULL,
  `Prestataire` int(2) NOT NULL,
  `Date_enlev_mrs` date NOT NULL,
  `Enlevement_mrs` varchar(1) CHARACTER SET latin1 NOT NULL
) ENGINE=MyISAM DEFAULT CHARSET=utf8 COLLATE=utf8_bin;

--
-- Contenu de la table `table_mrs`
--

INSERT INTO `table_mrs` (`Num_ligne_mrs`, `Num_ident_animal`, `Num_Clients`, `Date_Entre`, `Date_Decoupe`, `Poids_carcasse`, `Num_Bon_Mrs`, `Date_Bon_Mrs`, `Poids_Mrs`, `Prestataire`, `Date_enlev_mrs`, `Enlevement_mrs`) VALUES
(7, 'FR4625328547', 21, '2015-10-09', '2015-10-09', 411, 9945, '2015-11-19', 33, 1, '2015-11-19', '1'),
(11, 'FR4546851111', 1, '2015-10-09', '2015-10-09', 397, 9945, '2015-11-19', 18, 1, '2015-11-19', '1'),
(15, 'FR4755841030', 10, '2015-10-07', '2015-10-12', 101, 9945, '2015-11-19', 33, 1, '2015-11-19', '1'),
(13, 'FR4685321478', 8, '2015-10-08', '2015-10-15', 440, 9945, '2015-11-19', 15, 1, '2015-11-19', '1'),
(20, 'FR4625174851', 8, '2015-11-23', '2015-11-23', 450, 0, '0000-00-00', 0, 0, '0000-00-00', '0'),
(23, 'FR4625101326', 36, '2016-01-29', '2016-02-01', 550, 0, '0000-00-00', 0, 0, '0000-00-00', '0'),
(22, 'FR4625174751', 8, '2015-11-23', '2015-11-24', 460, 0, '0000-00-00', 0, 0, '0000-00-00', '0'),
(24, 'FR4625101326', 36, '2016-01-29', '2016-02-01', 550, 0, '0000-00-00', 0, 0, '0000-00-00', '0'),
(25, 'FR4625101326', 36, '2016-01-29', '2016-02-01', 550, 0, '0000-00-00', 0, 0, '0000-00-00', '0'),
(26, 'FR4625101326', 36, '2016-01-29', '2016-02-01', 550, 0, '0000-00-00', 0, 0, '0000-00-00', '0'),
(27, 'FR4625101326', 36, '2016-01-29', '2016-02-01', 550, 0, '0000-00-00', 0, 0, '0000-00-00', '0'),
(28, 'FR4625101326', 36, '2016-01-29', '2016-02-01', 550, 0, '0000-00-00', 0, 0, '0000-00-00', '0');

-- --------------------------------------------------------

--
-- Structure de la table `type_plu`
--

CREATE TABLE `type_plu` (
  `Num_TypePlu` int(1) NOT NULL,
  `TypePlu` varchar(25) COLLATE utf8_bin NOT NULL
) ENGINE=MyISAM DEFAULT CHARSET=utf8 COLLATE=utf8_bin;

--
-- Contenu de la table `type_plu`
--

INSERT INTO `type_plu` (`Num_TypePlu`, `TypePlu`) VALUES
(1, 'Viande'),
(2, 'Transformations'),
(3, 'carcasses'),
(4, 'facturation');

-- --------------------------------------------------------

--
-- Structure de la table `unitee`
--

CREATE TABLE `unitee` (
  `num_unite` int(3) NOT NULL,
  `nom_unite_long` varchar(25) NOT NULL,
  `nom_unite_ini` varchar(4) NOT NULL,
  `conversion` decimal(10,4) NOT NULL
) ENGINE=MyISAM DEFAULT CHARSET=latin1;

--
-- Contenu de la table `unitee`
--

INSERT INTO `unitee` (`num_unite`, `nom_unite_long`, `nom_unite_ini`, `conversion`) VALUES
(1, 'Kilogramme', 'Kg', 0.0010),
(2, 'Grammes', 'g', 1.0000),
(3, 'Litre', 'L', 1.0000),
(4, 'Centilitre', 'Cl', 0.0100),
(5, 'Mililitre', 'Ml', 0.0010);

--
-- Index pour les tables exportées
--

--
-- Index pour la table `abattoir`
--
ALTER TABLE `abattoir`
  ADD PRIMARY KEY (`id_abat`);

--
-- Index pour la table `categorieplu`
--
ALTER TABLE `categorieplu`
  ADD PRIMARY KEY (`Num_CatPlu`);

--
-- Index pour la table `categorie_dechets`
--
ALTER TABLE `categorie_dechets`
  ADD PRIMARY KEY (`num_cate_dechets`);

--
-- Index pour la table `categorie_decoupe`
--
ALTER TABLE `categorie_decoupe`
  ADD PRIMARY KEY (`num_cate_decoupe`);

--
-- Index pour la table `categorie_fournisseurs`
--
ALTER TABLE `categorie_fournisseurs`
  ADD PRIMARY KEY (`num_cate_four`);

--
-- Index pour la table `categorie_intrant`
--
ALTER TABLE `categorie_intrant`
  ADD PRIMARY KEY (`num_cate_plu_intran`);

--
-- Index pour la table `clients`
--
ALTER TABLE `clients`
  ADD PRIMARY KEY (`Num_Client`),
  ADD KEY `Let_Client` (`Let_Client`);

--
-- Index pour la table `decoupe`
--
ALTER TABLE `decoupe`
  ADD PRIMARY KEY (`num_decoupe`);

--
-- Index pour la table `entreabat`
--
ALTER TABLE `entreabat`
  ADD PRIMARY KEY (`Num_entre`);

--
-- Index pour la table `fournisseurs`
--
ALTER TABLE `fournisseurs`
  ADD PRIMARY KEY (`Num_fournisseur`),
  ADD KEY `Let_Client` (`Ident_four`);

--
-- Index pour la table `intrants`
--
ALTER TABLE `intrants`
  ADD PRIMARY KEY (`Num_entre_intrant`);

--
-- Index pour la table `lot`
--
ALTER TABLE `lot`
  ADD PRIMARY KEY (`num_ligne_lot`),
  ADD UNIQUE KEY `num_ligne_lot` (`num_ligne_lot`),
  ADD KEY `num_ligne_lot_2` (`num_ligne_lot`);

--
-- Index pour la table `lot_dispo`
--
ALTER TABLE `lot_dispo`
  ADD PRIMARY KEY (`num_ligne_lot_dispo`);

--
-- Index pour la table `plu`
--
ALTER TABLE `plu`
  ADD PRIMARY KEY (`Num_PLU`),
  ADD UNIQUE KEY `Num_PLU_2` (`Num_PLU`),
  ADD KEY `Num_PLU` (`Num_PLU`);

--
-- Index pour la table `plu_intrant`
--
ALTER TABLE `plu_intrant`
  ADD PRIMARY KEY (`num_plu_intrant`);

--
-- Index pour la table `production`
--
ALTER TABLE `production`
  ADD PRIMARY KEY (`Num_ligne`);

--
-- Index pour la table `saisies_abat`
--
ALTER TABLE `saisies_abat`
  ADD PRIMARY KEY (`num_ligne`);

--
-- Index pour la table `table_dechets`
--
ALTER TABLE `table_dechets`
  ADD PRIMARY KEY (`num_ligne_dechets`);

--
-- Index pour la table `table_mrs`
--
ALTER TABLE `table_mrs`
  ADD PRIMARY KEY (`Num_ligne_mrs`);

--
-- Index pour la table `type_plu`
--
ALTER TABLE `type_plu`
  ADD PRIMARY KEY (`Num_TypePlu`);

--
-- Index pour la table `unitee`
--
ALTER TABLE `unitee`
  ADD PRIMARY KEY (`num_unite`),
  ADD UNIQUE KEY `num_unite` (`num_unite`);

--
-- AUTO_INCREMENT pour les tables exportées
--

--
-- AUTO_INCREMENT pour la table `categorieplu`
--
ALTER TABLE `categorieplu`
  MODIFY `Num_CatPlu` int(3) NOT NULL AUTO_INCREMENT, AUTO_INCREMENT=8;
--
-- AUTO_INCREMENT pour la table `categorie_dechets`
--
ALTER TABLE `categorie_dechets`
  MODIFY `num_cate_dechets` int(11) NOT NULL AUTO_INCREMENT, AUTO_INCREMENT=4;
--
-- AUTO_INCREMENT pour la table `categorie_decoupe`
--
ALTER TABLE `categorie_decoupe`
  MODIFY `num_cate_decoupe` int(11) NOT NULL AUTO_INCREMENT, AUTO_INCREMENT=6;
--
-- AUTO_INCREMENT pour la table `categorie_fournisseurs`
--
ALTER TABLE `categorie_fournisseurs`
  MODIFY `num_cate_four` int(3) NOT NULL AUTO_INCREMENT, AUTO_INCREMENT=9;
--
-- AUTO_INCREMENT pour la table `categorie_intrant`
--
ALTER TABLE `categorie_intrant`
  MODIFY `num_cate_plu_intran` int(4) NOT NULL AUTO_INCREMENT, AUTO_INCREMENT=10;
--
-- AUTO_INCREMENT pour la table `decoupe`
--
ALTER TABLE `decoupe`
  MODIFY `num_decoupe` int(11) NOT NULL AUTO_INCREMENT, AUTO_INCREMENT=28;
--
-- AUTO_INCREMENT pour la table `entreabat`
--
ALTER TABLE `entreabat`
  MODIFY `Num_entre` int(6) NOT NULL AUTO_INCREMENT, AUTO_INCREMENT=43;
--
-- AUTO_INCREMENT pour la table `fournisseurs`
--
ALTER TABLE `fournisseurs`
  MODIFY `Num_fournisseur` int(6) NOT NULL AUTO_INCREMENT, AUTO_INCREMENT=10;
--
-- AUTO_INCREMENT pour la table `intrants`
--
ALTER TABLE `intrants`
  MODIFY `Num_entre_intrant` int(6) NOT NULL AUTO_INCREMENT, AUTO_INCREMENT=4;
--
-- AUTO_INCREMENT pour la table `lot`
--
ALTER TABLE `lot`
  MODIFY `num_ligne_lot` int(10) NOT NULL AUTO_INCREMENT, AUTO_INCREMENT=53;
--
-- AUTO_INCREMENT pour la table `lot_dispo`
--
ALTER TABLE `lot_dispo`
  MODIFY `num_ligne_lot_dispo` int(6) NOT NULL AUTO_INCREMENT, AUTO_INCREMENT=52;
--
-- AUTO_INCREMENT pour la table `plu_intrant`
--
ALTER TABLE `plu_intrant`
  MODIFY `num_plu_intrant` int(4) NOT NULL AUTO_INCREMENT, AUTO_INCREMENT=23;
--
-- AUTO_INCREMENT pour la table `table_dechets`
--
ALTER TABLE `table_dechets`
  MODIFY `num_ligne_dechets` int(1) NOT NULL AUTO_INCREMENT, AUTO_INCREMENT=14;
--
-- AUTO_INCREMENT pour la table `table_mrs`
--
ALTER TABLE `table_mrs`
  MODIFY `Num_ligne_mrs` int(6) NOT NULL AUTO_INCREMENT, AUTO_INCREMENT=29;
--
-- AUTO_INCREMENT pour la table `unitee`
--
ALTER TABLE `unitee`
  MODIFY `num_unite` int(3) NOT NULL AUTO_INCREMENT, AUTO_INCREMENT=6;
/*!40101 SET CHARACTER_SET_CLIENT=@OLD_CHARACTER_SET_CLIENT */;
/*!40101 SET CHARACTER_SET_RESULTS=@OLD_CHARACTER_SET_RESULTS */;
/*!40101 SET COLLATION_CONNECTION=@OLD_COLLATION_CONNECTION */;
