-- http://www.phpmyadmin.net
--
-- Serveur: localhost
-- Généré le : Ven 19 Novembre 2010 à 16:32
-- Version du serveur: 5.1.44
-- Version de PHP: 5.3.2




-- --------------------------------------------------------

--
-- Structure de la table `article`
--

CREATE TABLE `article` (
  `NumArt` tinyint(6) NOT NULL AUTO_INCREMENT,
  `CodeArt` varchar(8) NOT NULL DEFAULT '',
  `NomArt` varchar(100) NOT NULL DEFAULT '',
  `PrixArt` double(8,2) NOT NULL DEFAULT '0.00',
  `PrixArtPd` double(8,2) NOT NULL DEFAULT '0.00',
  `TexteArt` mediumtext NOT NULL,
  `dispo` char(1) NOT NULL DEFAULT '0',
  `NumGrArt` tinyint(4) NOT NULL DEFAULT '0',
  `NumSGrArt` tinyint(4) NOT NULL DEFAULT '0',
  PRIMARY KEY (`NumArt`)
) ENGINE=MyISAM  DEFAULT CHARSET=utf8 AUTO_INCREMENT=31 ;

--
-- Contenu de la table `article`
--

INSERT INTO `article` VALUES(21, 'PFR5', 'Colis de Porc Frais 5 Kg', 60.00, 14.00, 'Colis de 5 Kg de Porc Frais\r\n', '1', 3, 1);
INSERT INTO `article` VALUES(10, 'VF05', 'Colis de Veau Frais 5 Kg', 75.00, 15.00, 'Colis de veau frais 5 Kg', '1', 1, 1);
INSERT INTO `article` VALUES(9, 'BF01', 'Colis de Boeuf Frais 5 Kg', 10.00, 5.00, 'Colis de Boeuf Frais 5Kg - Bio', '1', 2, 1);
INSERT INTO `article` VALUES(22, 'PC01', 'Pate de Campagne', 5.60, 0.00, 'Pate de Campagne 450g', '1', 3, 2);
INSERT INTO `article` VALUES(23, 'PT01', 'Pate de tete', 5.60, 0.00, 'Pate de Tete 350g', '1', 3, 3);
INSERT INTO `article` VALUES(24, 'CV01', 'Saute de Veau Pimente au Curry', 7.00, 0.00, 'Saute de Veau Piment&Atilde;&copy; au Curry\r\nPoid net : 500 G\r\nPoid egout&Atilde;&copy; : 350 G', '1', 1, 3);
INSERT INTO `article` VALUES(25, 'JM01', 'Jambon Sec ', 6.00, 30.00, '5 Tranches de Jambon Sec', '1', 3, 7);
INSERT INTO `article` VALUES(30, 'SP', 'Saucisson Sec Boeuf &amp; Porc', 13.00, 5.40, 'Saucisson Sec Porc &amp; Boeuf\r\n250g', '1', 3, 7);
INSERT INTO `article` VALUES(27, 'DBF01', 'Daube de Boeuf ', 14.00, 70.00, 'Daube de boeuf au Cahors\r\nPoid net : 500g\r\nPoid net egout&Atilde;&copy; : 350g', '1', 2, 3);
INSERT INTO `article` VALUES(28, 'BL01', 'Saute de veau Quercynois', 15.00, 70.00, 'Saute de Veau &Atilde;&nbsp; la Quercynoise\r\nPoid net : 500g\r\nPoid &Atilde;&copy;gout&Atilde;&copy; : 350g', '1', 1, 3);

-- --------------------------------------------------------

--
-- Structure de la table `calendrier`
--

CREATE TABLE `calendrier` (
  `NumCal` tinyint(4) NOT NULL AUTO_INCREMENT,
  `DateCal` date NOT NULL,
  `HeureDebut` time NOT NULL,
  `HeureFin` time NOT NULL,
  `LieuxCal` varchar(150) NOT NULL,
  `CPostalCal` varchar(5) NOT NULL,
  `TypeCal` enum('1','2','3') NOT NULL,
  `LienOrg` varchar(250) NOT NULL,
  PRIMARY KEY (`NumCal`)
) ENGINE=MyISAM  DEFAULT CHARSET=utf8 AUTO_INCREMENT=25 ;

--
-- Contenu de la table `calendrier`
--

INSERT INTO `calendrier` VALUES(1, '2010-03-18', '16:30:00', '17:30:00', 'St Germain du Bel Air', '46310', '1', 'www.mc2i.eu');
INSERT INTO `calendrier` VALUES(16, '2010-04-17', '00:00:00', '00:00:00', 'Limogne en Quercy', '46', '1', '');
INSERT INTO `calendrier` VALUES(15, '2010-04-19', '00:00:00', '00:00:00', 'Peyrilles', '46310', '3', 'www.communedeperylles.com');
INSERT INTO `calendrier` VALUES(9, '2010-03-26', '00:00:00', '00:00:00', 'Lavercentere', '46310', '3', 'www.officedutourismedelavercantiere.org');
INSERT INTO `calendrier` VALUES(17, '2010-05-13', '00:00:00', '00:00:00', 'Cazals', '46', '1', 'www.org');
INSERT INTO `calendrier` VALUES(21, '2010-04-19', '08:00:00', '18:00:00', 'St Chamarand', '46310', '3', 'www.commnedesaintchmarand.com');
INSERT INTO `calendrier` VALUES(22, '2010-04-10', '09:30:00', '18:00:00', 'St Chamarand', '46310', '3', 'www.commnedesaintchmarand.com');

-- --------------------------------------------------------

--
-- Structure de la table `clientscontact`
--

CREATE TABLE `clientscontact` (
  `IDCONTACTCLIENTS` int(6) NOT NULL AUTO_INCREMENT,
  `NOM` text NOT NULL,
  `EMAIL` text NOT NULL,
  `CODEPOSTAL` text NOT NULL,
  `VILLE` text NOT NULL,
  `MESSAGECLIENT` text NOT NULL,
  `DATE` date NOT NULL,
  PRIMARY KEY (`IDCONTACTCLIENTS`)
) ENGINE=MyISAM  DEFAULT CHARSET=utf8 AUTO_INCREMENT=29 ;

--
-- Contenu de la table `clientscontact`
--

INSERT INTO `clientscontact` VALUES(8, 'RIVIEREA', 'jean.loup.relier@gmail.com', '46310', 'saint germain du bel air', 'test 1', '2010-03-12');
INSERT INTO `clientscontact` VALUES(9, 'Babet', 'vbabet@wanadoo.fr', '46310', 'Peyrilles', 'Test message pour contact', '2010-03-12');
INSERT INTO `clientscontact` VALUES(10, 'Babet', 'vbabet@wanadoo.fr', '46310', 'Peyrilles', 'Test message pour contact', '2010-03-12');
INSERT INTO `clientscontact` VALUES(11, 'Babet', 'jean.loup.relier@gmail.com', '46310', 'Peyrilles', 'Test message pour contact\r\nAvez-vous recu ce message ?\r\n', '2010-03-13');
INSERT INTO `clientscontact` VALUES(12, 'Babet', 'jean.loup.relier@gmail.com', '46310', 'Peyrilles', 'Test message pour contact\r\nAvez-vous recu ce message ?\r\n', '2010-03-13');
INSERT INTO `clientscontact` VALUES(13, 'Babet', 'jean.loup.relier@gmail.com', '46310', 'Peyrilles', 'Test message pour contact\r\nAvez-vous recu ce message ?\r\n', '2010-03-13');
INSERT INTO `clientscontact` VALUES(14, 'Babet', 'jean.loup.relier@gmail.com', '46310', 'Peyrilles', 'Test message pour contact\r\nAvez-vous recu ce message ?\r\n', '2010-03-13');
INSERT INTO `clientscontact` VALUES(15, 'Babet', 'jean.loup.relier@gmail.com', '46310', 'Peyrilles', 'Test message pour contact\r\nAvez-vous recu ce message ?\r\n', '2010-03-13');
INSERT INTO `clientscontact` VALUES(16, 'Babet', 'jean.loup.relier@gmail.com', '46310', 'Peyrilles', 'Test message pour contact\r\nAvez-vous recu ce message ?\r\n', '2010-03-13');
INSERT INTO `clientscontact` VALUES(17, 'Babet', 'jean.loup.relier@gmail.com', '46310', 'Peyrilles', 'Test message pour contact\r\nAvez-vous recu ce message ?\r\n', '2010-03-13');
INSERT INTO `clientscontact` VALUES(18, 'Babet', 'jean.loup.relier@gmail.com', '46310', 'Peyrilles', 'Test message pour contact\r\nAvez-vous recu ce message ?\r\n', '2010-03-13');
INSERT INTO `clientscontact` VALUES(19, 'Babet', 'jean.loup.relier@gmail.com', '46310', 'Peyrilles', 'Test message pour contact\r\nAvez-vous recu ce message ?\r\n', '2010-03-13');
INSERT INTO `clientscontact` VALUES(20, 'Babet', 'jean.loup.relier@gmail.com', '46310', 'Peyrilles', 'Test message pour contact\r\nAvez-vous recu ce message ?\r\n', '2010-03-13');
INSERT INTO `clientscontact` VALUES(21, 'Babet', 'jean.loup.relier@gmail.com', '46310', 'Peyrilles', 'Test message pour contact\r\nAvez-vous recu ce message ?\r\n', '2010-03-13');
INSERT INTO `clientscontact` VALUES(22, 'Babet', 'jean.loup.relier@gmail.com', '46310', 'Peyrilles', 'Test message pour contact\r\nAvez-vous recu ce message ?\r\n', '2010-03-13');
INSERT INTO `clientscontact` VALUES(23, 'Babet', 'jean.loup.relier@gmail.com', '46310', 'Peyrilles', 'Test message pour contact\r\nAvez-vous recu ce message ?\r\n', '2010-03-13');
INSERT INTO `clientscontact` VALUES(24, 'Babet', 'jean.loup.relier@gmail.com', '46310', 'Peyrilles', 'Test message pour contact\r\nAvez-vous recu ce message ?\r\n', '2010-03-13');
INSERT INTO `clientscontact` VALUES(25, 'Babet', 'jean.loup.relier@gmail.com', '46310', 'Peyrilles', 'Test message pour contact\r\nAvez-vous recu ce message ?\r\n', '2010-03-13');
INSERT INTO `clientscontact` VALUES(26, 'Babet', 'jean.loup.relier@gmail.com', '46310', 'Peyrilles', 'Test message pour contact\r\nAvez-vous recu ce message ?\r\n', '2010-03-13');
INSERT INTO `clientscontact` VALUES(27, 'Gardere', 'jean.loup.relier@gmail.com', '46310', 'saint germain du bel air', 'je fais un test de mail', '2010-03-15');
INSERT INTO `clientscontact` VALUES(28, 'Gardere', 'jean.loup.relier@gmail.com', '46310', 'saint germain du bel air', 'je fais un test de mail', '2010-03-15');

-- --------------------------------------------------------

--
-- Structure de la table `groupearticle`
--

CREATE TABLE `groupearticle` (
  `NumGrArt` tinyint(4) NOT NULL AUTO_INCREMENT,
  `GroupeArt` varchar(25) NOT NULL DEFAULT '',
  PRIMARY KEY (`NumGrArt`)
) ENGINE=MyISAM  DEFAULT CHARSET=utf8 AUTO_INCREMENT=11 ;

--
-- Contenu de la table `groupearticle`
--

INSERT INTO `groupearticle` VALUES(1, 'Veau');
INSERT INTO `groupearticle` VALUES(2, 'Boeuf');
INSERT INTO `groupearticle` VALUES(3, 'Porc');
INSERT INTO `groupearticle` VALUES(10, 'Mouton');

-- --------------------------------------------------------

--
-- Structure de la table `newsletter`
--

CREATE TABLE `newsletter` (
  `IDNEWLETTER` int(4) NOT NULL AUTO_INCREMENT,
  `NOM` text NOT NULL,
  `EMAIL` text NOT NULL,
  `CODEPOSTAL` text NOT NULL,
  `VILLE` text NOT NULL,
  `DATE` date NOT NULL,
  PRIMARY KEY (`IDNEWLETTER`)
) ENGINE=MyISAM  DEFAULT CHARSET=utf8 AUTO_INCREMENT=21 ;

--
-- Contenu de la table `newsletter`
--

INSERT INTO `newsletter` VALUES(1, 'Relier', 'jean.loup.relier@gmail.com', '46310', 'saint germain du bel air', '0000-00-00');
INSERT INTO `newsletter` VALUES(2, 'mescouilles', 'jean.loup.relier@gmail.com', '45210', 'saint germain du bel air', '0000-00-00');
INSERT INTO `newsletter` VALUES(3, 'Gardere', 'love-bogosse-love@hotmail.fr', '46310', 'saint germain du bel air', '2010-03-11');
INSERT INTO `newsletter` VALUES(4, 'Gardere', 'f.delormes@free.fr', '45210', 'saint germain du bel air', '2010-03-11');
INSERT INTO `newsletter` VALUES(5, 'gtgt', 'f.delormes@free.fr', '46310', 'saint germain du bel air', '2010-03-11');
INSERT INTO `newsletter` VALUES(6, 'Gardere', 'jean.loup.relier@gmail.com', '46310', 'saint germain du bel air', '2010-03-11');
INSERT INTO `newsletter` VALUES(7, 'RELIER', 'f.delormes@free.fr', '46310', 'saint germain du bel air', '2010-03-11');
INSERT INTO `newsletter` VALUES(8, 'Babet', 'vbabet@wanadoo.fr', '46310', 'Perilles', '2010-03-12');
INSERT INTO `newsletter` VALUES(9, 'relier', 'jean.loup.relier@gmail.com', '46310', 'saint germain du bel air', '2010-03-13');
INSERT INTO `newsletter` VALUES(10, 'relier', 'jean.loup.relier@gmail.com', '46310', 'saint germain du bel air', '2010-03-13');
INSERT INTO `newsletter` VALUES(11, 'relier', 'jean.loup.relier@gmail.com', '46310', 'saint germain du bel air', '2010-03-13');
INSERT INTO `newsletter` VALUES(12, 'relier', 'jean.loup.relier@gmail.com', '46310', 'saint germain du bel air', '2010-03-13');
INSERT INTO `newsletter` VALUES(13, 'Gardere', 'f.delormes@free.fr', '46310', 'saint germain du bel air', '2010-03-15');
INSERT INTO `newsletter` VALUES(14, 'Gardere', 'f.delormes@free.fr', '46310', 'saint germain du bel air', '2010-03-15');
INSERT INTO `newsletter` VALUES(15, 'Gardere', 'f.delormes@free.fr', '46310', 'saint germain du bel air', '2010-03-15');
INSERT INTO `newsletter` VALUES(16, 'Gardere', 'f.delormes@free.fr', '46310', 'saint germain du bel air', '2010-03-15');
INSERT INTO `newsletter` VALUES(17, 'RaoulMorbac', 'Raoul.Morbac@Mescouilles.fr', '44330', 'Saint Nazaire', '2010-07-13');
INSERT INTO `newsletter` VALUES(18, 'RaoulMorbac', 'Raoul.Morbac@Mescouilles.fr', '44330', 'Saint Nazaire', '2010-07-13');
INSERT INTO `newsletter` VALUES(19, 'RaoulMorbacos', 'Raoul.Morbac@Mescouilles.fr', '44330', 'Saint Nazaire', '2010-07-13');
INSERT INTO `newsletter` VALUES(20, 'RaoulMorbacos', 'Raoul.Morbac@Mescouilles.fr', '44330', 'Saint Nazaire', '2010-07-13');

-- --------------------------------------------------------

--
-- Structure de la table `sousgroupearticle`
--

CREATE TABLE `sousgroupearticle` (
  `NumSGrArt` tinyint(4) NOT NULL AUTO_INCREMENT,
  `SousGroupeArt` varchar(25) NOT NULL DEFAULT '',
  PRIMARY KEY (`NumSGrArt`),
  UNIQUE KEY `NoSousGrart` (`NumSGrArt`)
) ENGINE=MyISAM  DEFAULT CHARSET=utf8 AUTO_INCREMENT=8 ;

--
-- Contenu de la table `sousgroupearticle`
--

INSERT INTO `sousgroupearticle` VALUES(1, 'Frais');
INSERT INTO `sousgroupearticle` VALUES(2, 'Charcuterie');
INSERT INTO `sousgroupearticle` VALUES(3, 'Conserves');
INSERT INTO `sousgroupearticle` VALUES(7, 'Salaisons');

-- --------------------------------------------------------

--
-- Structure de la table `visiteur`
--

CREATE TABLE `visiteur` (
  `Visiteur` varchar(50) NOT NULL DEFAULT '',
  `NbreDate` int(4) NOT NULL DEFAULT '0',
  PRIMARY KEY (`Visiteur`)
) ENGINE=MyISAM DEFAULT CHARSET=utf8;

--
-- Contenu de la table `visiteur`
--

